{"id":2861,"date":"2021-09-27T23:01:00","date_gmt":"2021-09-27T22:01:00","guid":{"rendered":"https:\/\/kasparzehnder.com\/de\/?post_type=album&#038;p=2861"},"modified":"2023-03-23T14:14:49","modified_gmt":"2023-03-23T13:14:49","slug":"antonin-dvorak-philharmonie-hradec-kralove-kaspar-zehnder","status":"publish","type":"album","link":"https:\/\/kasparzehnder.com\/de\/album\/antonin-dvorak-philharmonie-hradec-kralove-kaspar-zehnder\/","title":{"rendered":"Anton\u00edn Dvo\u0159\u00e1k &#8211; Philharmonie Hradec Kr\u00e1lov\u00e9 &#8211; Kaspar Zehnder"},"content":{"rendered":"\n<p><a href=\"https:\/\/open.spotify.com\/album\/0M07Nt5U2v10l65GJPg6zZ\">Zur Aufnahme<\/a><\/p>\n","protected":false},"excerpt":{"rendered":"<p>Zur Aufnahme<\/p>\n","protected":false},"author":1,"featured_media":2862,"menu_order":4,"template":"","meta":{"inline_featured_image":false},"categories":[],"tags":[172,87,50],"class_list":["post-2861","album","type-album","status-publish","has-post-thumbnail","hentry","tag-antonin-dvorak","tag-filharmonie-hradec-kralove","tag-kaspar-zehnder"],"_links":{"self":[{"href":"https:\/\/kasparzehnder.com\/de\/wp-json\/wp\/v2\/album\/2861","targetHints":{"allow":["GET"]}}],"collection":[{"href":"https:\/\/kasparzehnder.com\/de\/wp-json\/wp\/v2\/album"}],"about":[{"href":"https:\/\/kasparzehnder.com\/de\/wp-json\/wp\/v2\/types\/album"}],"author":[{"embeddable":true,"href":"https:\/\/kasparzehnder.com\/de\/wp-json\/wp\/v2\/users\/1"}],"wp:featuredmedia":[{"embeddable":true,"href":"https:\/\/kasparzehnder.com\/de\/wp-json\/wp\/v2\/media\/2862"}],"wp:attachment":[{"href":"https:\/\/kasparzehnder.com\/de\/wp-json\/wp\/v2\/media?parent=2861"}],"wp:term":[{"taxonomy":"category","embeddable":true,"href":"https:\/\/kasparzehnder.com\/de\/wp-json\/wp\/v2\/categories?post=2861"},{"taxonomy":"post_tag","embeddable":true,"href":"https:\/\/kasparzehnder.com\/de\/wp-json\/wp\/v2\/tags?post=2861"}],"curies":[{"name":"wp","href":"https:\/\/api.w.org\/{rel}","templated":true}]}}

Antonín Dvořák &#8211; Philharmonie Hradec Králové &#8211; Kaspar Zehnder
