{"id":2830,"date":"2022-11-01T10:25:06","date_gmt":"2022-11-01T09:25:06","guid":{"rendered":"https:\/\/kasparzehnder.com\/de\/?post_type=mec-events&#038;p=2830"},"modified":"2022-11-01T10:25:06","modified_gmt":"2022-11-01T09:25:06","slug":"klaipeda-lt-jubilaeumskonzert-klaipeda-chamber-orchestra","status":"publish","type":"mec-events","link":"https:\/\/kasparzehnder.com\/de\/events\/klaipeda-lt-jubilaeumskonzert-klaipeda-chamber-orchestra\/","title":{"rendered":"Klaip\u0117da (LT), Jubil\u00e4umskonzert Klaip\u0117da Chamber Orchestra"},"content":{"rendered":"","protected":false},"excerpt":{"rendered":"","protected":false},"author":2,"featured_media":0,"comment_status":"closed","ping_status":"closed","template":"","tags":[50,278,433,432],"mec_category":[37],"class_list":["post-2830","mec-events","type-mec-events","status-publish","hentry","tag-kaspar-zehnder","tag-klaipeda-chamber-orchestra","tag-klaipeda-concert-hall","tag-litauen","mec_category-konzert"],"_links":{"self":[{"href":"https:\/\/kasparzehnder.com\/de\/wp-json\/wp\/v2\/mec-events\/2830","targetHints":{"allow":["GET"]}}],"collection":[{"href":"https:\/\/kasparzehnder.com\/de\/wp-json\/wp\/v2\/mec-events"}],"about":[{"href":"https:\/\/kasparzehnder.com\/de\/wp-json\/wp\/v2\/types\/mec-events"}],"author":[{"embeddable":true,"href":"https:\/\/kasparzehnder.com\/de\/wp-json\/wp\/v2\/users\/2"}],"replies":[{"embeddable":true,"href":"https:\/\/kasparzehnder.com\/de\/wp-json\/wp\/v2\/comments?post=2830"}],"wp:attachment":[{"href":"https:\/\/kasparzehnder.com\/de\/wp-json\/wp\/v2\/media?parent=2830"}],"wp:term":[{"taxonomy":"post_tag","embeddable":true,"href":"https:\/\/kasparzehnder.com\/de\/wp-json\/wp\/v2\/tags?post=2830"},{"taxonomy":"mec_category","embeddable":true,"href":"https:\/\/kasparzehnder.com\/de\/wp-json\/wp\/v2\/mec_category?post=2830"}],"curies":[{"name":"wp","href":"https:\/\/api.w.org\/{rel}","templated":true}]}}

Klaipėda (LT), Jubiläumskonzert Klaipėda Chamber Orchestra
