{"id":2965,"date":"2023-09-12T21:45:49","date_gmt":"2023-09-12T20:45:49","guid":{"rendered":"https:\/\/kasparzehnder.com\/de\/?post_type=mec-events&#038;p=2965"},"modified":"2023-09-12T21:48:21","modified_gmt":"2023-09-12T20:48:21","slug":"hradec-kralove-cz-z2-auferstehung","status":"publish","type":"mec-events","link":"https:\/\/kasparzehnder.com\/de\/events\/hradec-kralove-cz-z2-auferstehung\/","title":{"rendered":"Hradec Kr\u00e1lov\u00e9 (CZ), \u017d2 &#8211; Auferstehung"},"content":{"rendered":"","protected":false},"excerpt":{"rendered":"","protected":false},"author":2,"featured_media":0,"comment_status":"closed","ping_status":"closed","template":"","tags":[546,87,544,89,277,547,545],"mec_category":[37],"class_list":["post-2965","mec-events","type-mec-events","status-publish","hentry","tag-cesky-filharmonicky-sbor-brno","tag-filharmonie-hradec-kralove","tag-gustav-mahler","tag-hradec-kralove","tag-kaspar-zehnder-dirigent","tag-petr-fiala","tag-silvia-hauer-mezzosopran","mec_category-konzert"],"_links":{"self":[{"href":"https:\/\/kasparzehnder.com\/de\/wp-json\/wp\/v2\/mec-events\/2965","targetHints":{"allow":["GET"]}}],"collection":[{"href":"https:\/\/kasparzehnder.com\/de\/wp-json\/wp\/v2\/mec-events"}],"about":[{"href":"https:\/\/kasparzehnder.com\/de\/wp-json\/wp\/v2\/types\/mec-events"}],"author":[{"embeddable":true,"href":"https:\/\/kasparzehnder.com\/de\/wp-json\/wp\/v2\/users\/2"}],"replies":[{"embeddable":true,"href":"https:\/\/kasparzehnder.com\/de\/wp-json\/wp\/v2\/comments?post=2965"}],"wp:attachment":[{"href":"https:\/\/kasparzehnder.com\/de\/wp-json\/wp\/v2\/media?parent=2965"}],"wp:term":[{"taxonomy":"post_tag","embeddable":true,"href":"https:\/\/kasparzehnder.com\/de\/wp-json\/wp\/v2\/tags?post=2965"},{"taxonomy":"mec_category","embeddable":true,"href":"https:\/\/kasparzehnder.com\/de\/wp-json\/wp\/v2\/mec_category?post=2965"}],"curies":[{"name":"wp","href":"https:\/\/api.w.org\/{rel}","templated":true}]}}

Hradec Králové (CZ), Ž2 &#8211; Auferstehung
